 - 65 - m**3. What is f(1)?
-58
Let k = 19309 + -19301. Let m(f) be the first derivative of -f**3/3 + 4*f**2 - 1. Give m(k).
0
Let r(d) = -d**2 + 9*d - 6. Suppose 62*i + 112 = 76*i. Calculate r(i).
2
Let r(d) = 15*d - 120. Let y be r(12). Let x(c) = 50 + y - 3*c - 118. Calculate x(-8).
16
Let y(m) = 14*m - 1. Let z = -27 - 24. Let d be (-136)/z*(-6)/8. Calculate y(d).
-29
Let x(y) = -6943*y + 6936*y - 7 - 2 + 5 - y**2. Give x(-7).
-4
Let j(b) = 105*b + 154. Let x(f) = -38*f - 51. Let p(d) = 4*j(d) + 11*x(d). Determine p(-21).
13
Let d(m) = m**3 + 7*m**2 + 7*m + 1. Let b(c) = -3588 + 4*c + 3*c - c**3 + 5*c**2 + 3576. Let u be b(6). What is d(u)?
-5
Let s be 406/(-116)*(-32)/(-28). Let d(n) = -20*n + 8. What is d(s)?
88
Let q(s) = 13*s**2 + 4*s + 135. Let t(a) = 15*a**2 + 4*a + 160. Let x(p) = 7*q(p) - 6*t(p). Determine x(-5).
-10
Let w be 18/81 - (-34)/9. Let t(c) be the first derivative of c**2/2 - 3*c - 57. Determine t(w).
1
Let g(v) = -v**2 - 7*v - 3. Let d = 23 + 2. Let w = 28 - d. Let m be ((-8)/(-6))/(2/((-18)/w)). Determine g(m).
9
Let o(p) = -7*p**3 + 2*p + 1. Let t = 649 + -604. Suppose -7*j + 38 = t. Determine o(j).
6
Let a(n) be the second derivative of 1/20*n**5 + 0*n**4 + 1/2*n**2 + 10*n + 0*n**3 + 0. Let b be (-2)/(-4)*0/7. What is a(b)?
1
Let f(v) = -v - 4. Suppose -5*t = -4*b + 22 - 216, -4*t = 3*b - 149. Suppose s + 6*o - o = 26, -5*o = 3*s - t. Give f(s).
-10
Suppose -4*x + 77 = 2*a - 91, -5*x - a + 213 = 0. Suppose 39*b = x*b - 8. Let p(h) = 2*h + 8*h**2 + 1 - 4*h - 3*h**b. What is p(1)?
4
Let i(q) = q**3 + 4*q**2 + 2*q + 1. Let v be (-4 - -2 - -5) + -2. Let d(p) = p**2 + 27*p + 136. Let h be d(-20). Let f = v + h. Calculate i(f).
4
Let d(n) = -n**3 - 9*n**2 + 11*n + 3. Let o = 135 - 123. Suppose i + a + 10 = 0, -o*a - 10 = i - 10*a. Give d(i).
-7
Let h = 3172 + -3184. Let o(f) = -4*f - 51. Calculate o(h).
-3
Let o(i) be the second derivative of 3*i**3/2 - 41*i**2/2 + 2877*i. Determine o(11).
58
Let h be 6/(-69) + 96/46. Suppose 6*j - 30 = h*f, -f + j - 25 = f. Let w(a) = a + 15. What is w(f)?
3
Suppose -4*p - 4*k = -4, 2*k + 14 = 4. Let w(y) be the first derivative of -y**3/3 + 2*y**2 + y - 311. Calculate w(p).
-11
Let i = -57 - -62. Suppose -i*j + 24 = 2*r - 5, 6 = 3*r. Let m(x) = x. Let k(u) = u + 4. Let o(a) = -k(a) + 2*m(a). Give o(j).
1
Let b be 0 + -5 + (-20)/(-4) + -322 + 325. Let c(o) = 3*o**2 + 5*o. Let v(s) = 2*s**2 + 3*s. Let j = -14 - -9. Let f(y) = j*c(y) + 8*v(y). What is f(b)?
6
Let j = -70 + 72. Let n(s) be the first derivative of -3 - 2*s + 3/2*s**2 - 1/3*s**3. What is n(j)?
0
Suppose -6*s + 5*s + 4 = 0. Let r be (-6)/((1/s)/(4/(-24))). Suppose 3*n = 7*n + 2*q - r, 5*q + 5 = -5*n. Let w(f) = -f**2 + 7*f - 4. What is w(n)?
8
Suppose 5*v - 2*w - 89 = 0, 18*w = -v + 15*w - 6. Let f(h) = -10*h + 157. Calculate f(v).
7
Let v = 714 - 720. Let b(u) be the third derivative of u**6/120 + 2*u**5/15 + 11*u**4/24 - 3*u**3/2 - 2*u**2. What is b(v)?
-3
Let a be (-141)/376 - (-65347)/8. Let z(y) = -a*y - 7*y**3 + 1 - 2*y**2 + 8168*y. Give z(-1).
6
Let w be 7/(-4) - 1/4. Let m be 3/((-5)/((-50)/15)). Let f(z) = -z**m + 0*z**2 + 3 + z**2 + 2*z**3 + 2*z + z**2. Determine f(w).
-13
Suppose -170 + 13 = 26*y + 25. Let x(k) = -k**3 - 5*k**2 + 16*k + 18. What is x(y)?
4
Suppose 2*c - 3 = -c. Let m(h) = -23 + 5585*h + 22 - 5600*h. Give m(c).
-16
Let v(c) be the second derivative of -4*c**3 - 17*c**2/2 + 2471*c. Give v(-3).
55
Let r(q) = -q**2 - 10*q + 58. Let a be r(4). Let w(o) = 25*o**2 - 2*o + 4*o - 26*o**a + 7. Calculate w(4).
-1
Let o(h) be the second derivative of -1/3*h**3 - 13/2*h**2 - 17 + 2*h. Calculate o(-8).
3
Suppose 0 = 8*r - 161 + 233. Let p(l) = -5*l + 11. Give p(r).
56
Let t be (-816)/(-187) - (-108)/66. Let j(b) be the third derivative of b**4/6 - b**3/3 + b**2. Give j(t).
22
Let a be (-6)/(-9) + 4/3. Let n(r) = 44*r - 109*r + 5 + 33*r + r**3 + 29*r - 1. Let m be n(a). Let l(h) = h**3 - 7*h**2 + 10*h - 9. Determine l(m).
15
Let b(v) = v**3 - 9*v**2 - 11*v + 6. Let g be -5 + (-25674)/(-78) + 2/(-13). Let q = -314 + g. Give b(q).
-4
Let q(y) be the first derivative of -y**2/2 - 10*y - 1. Suppose 58 = -3*b + 259. Let g = 60 - b. What is q(g)?
-3
Let m(d) = -d**3 - 3*d**2 + 3*d. Let f(l) = -18*l + 55. Let n be f(10). Let z = n - -121. Determine m(z).
4
Let h(f) = 5*f. Let j = -35 - -37. Let p be (4/(-4) - j) + 0. What is h(p)?
-15
Let m(k) be the second derivative of k**4/6 + 7*k**3/3 + 11*k**2/2 + 46*k + 3. What is m(-5)?
-9
Let b(w) = -10*w - 7 + 43*w**3 + 6*w**2 + 31*w**3 + 55*w**3 - 130*w**3 + 7*w**2. Let r = 6 + 6. Calculate b(r).
17
Let k(r) = -280*r + 3405. Let l(a) = -94*a + 1168. Let d(b) = -7*k(b) + 20*l(b). Give d(6).
5
Let j be 74/(-6) - (-806)/186. Let s(z) = -5*z + 9. Let b(o) = 3*o - 4. Let g(c) = 7*b(c) + 4*s(c). Determine g(j).
0
Suppose -6496 = -0*i + 32*i. Let l = -196 - i. Let q(u) = u**2 - 5*u - 10. Determine q(l).
4
Let j(r) = r**2 + 185*r + 8443. Let l be j(-82). Let n(v) = -4*v**2 - 6*v - 8. Let w(h) = 3*h**2 + 5*h + 7. Let q(t) = 2*n(t) + 3*w(t). Determine q(l).
5
Let l(c) = c**3 - 28*c**2 + 26*c + 21. Let u be l(27). Let x(z) = 3*z - 16. Determine x(u).
-34
Let n = 53 + -51. Let g(f) = 2*f**n + 98 - 191 - 3*f**2 - f + 94. Calculate g(-5).
-19
Let r be 0/(-2)*(5 + -6). Suppose r = -5*v + 5*y + 35, -5*y = -3*v - v + 24. Suppose 5*i - 3*a - 11 = v, i + a = 6. Let j(d) = d**2 - d + 1. What is j(i)?
21
Let n be (-6)/(-2) + -2 + 2 + -11. Let p(i) = -3*i - 26. Let x be p(n). Let h(w) = -3*w**2 - 4*w - 3. Give h(x).
-7
Let f(r) be the first derivative of 3*r**2/2 + 27*r - 1055. Give f(-5).
12
Suppose 4*d = -4*d + 56. Let q(h) be the third derivative of 2/15*h**5 - 3/8*h**4 + 14*h**2 - 1/120*h**6 + 0 + 0*h + 1/3*h**3. Determine q(d).
-12
Suppose 2 = -4*x - 5*i, 0 = -2*i + 3 - 7. Let t(u) = -2*u - 158 + 149 + u - u**x. Suppose 165*v = 169*v. Give t(v).
-9
Suppose 2*q = -b + 7, -q - b + 30 = 27. Let h(c) = c**3 + 3*c**2 - 6*c + 5. Determine h(q).
93
Suppose 3*m - 4*c + 15 = 0, 10 = 2*m + 3*m + 5*c. Let k = -24 + 25. Let o be m/(2/(-4)) - k. Let p(b) = -5*b**2 - 2*b + 1. Calculate p(o).
-6
Let a(m) = 13*m - 1. Let p(b) be the second derivative of b**3/6 - 10*b. Let n be 16/56 - 60/14. Let v(f) = n*p(f) - a(f). Determine v(1).
-16
Let f(l) be the third derivative of l**7/1680 + l**6/360 + 19*l**5/30 - 2*l**2 + 101. Let m(w) be the third derivative of f(w). Let a = -2 - 0. Give m(a).
-4
Let f(w) be the second derivative of -11*w - 1/2*w**2 - 2 - 4/3*w**3. What is f(1)?
-9
Let i(s) = -12*s + 124. Let c(u) = -21*u + 231. Let a(l) = 5*c(l) - 9*i(l). What is a(-18)?
-15
Let g be (-63)/(-105) + 86*1/(-10). Let l(b) = 2*b**3 + 17*b**2 + 11*b + 19. What is l(g)?
-5
Let u(s) = 73*s**2 + 104*s - 30. Let f(z) = -17*z**2 - 26*z + 7. Let g(t) = 9*f(t) + 2*u(t). What is g(-4)?
-5
Suppose -24*s = -21*s - 9. Let z(a) = -s*a**2 - 5 + 148*a + 4*a**2 - 149*a. What is z(0)?
-5
Let a(h) = h**2 - 7*h. Let o(c) = c**3 + 3*c**2 - c - 1. Let t be o(2). Suppose -2*k + 4*n - n + t = 0, -n = 4*k - 27. Calculate a(k).
0
Let q(v) = v**3 - 14*v**2 + 25*v - 8. Let w(u) = 3*u**3 - 27*u**2 + 44*u - 28. Let g(y) = -5*q(y) + 2*w(y). Calculate g(-18).
2
Suppose 970 = 733*c - 636*c. Let n(x) = -x**3 + 8*x**2 + 23*x - 39. Calculate n(c).
-9
Let p(h) = -3*h**2 + 4 + 0 - 4 - 2*h + 1 + 1. Suppose -4*r - 4*u - 24 = 16, 5*r - 2*u + 71 = 0. Let d = r - -11. Calculate p(d).
-6
Let h(l) be the first derivative of l**4/4 + 7*l**3/3 + l**2/2 - 6*l + 1. Suppose -281*a = -290*a + 108. Suppose -14*c + a*c - 14 = 0. Determine h(c).
-13
Let g(q) = q**3 + 9*q**2 - 11*q - 24. Let u(o) = o**3 - 166*o**2 - o + 156. Let c be u(166). Calculate g(c).
-14
Let k(v) = 3*v**2 + 4. Let l = -263 - -266. Suppose -l*a - 3*h = -7*h + 1, -17 = 3*a + 4*h. Give k(a).
31
Let p be 6/5 + -1 - (-57)/15. Let w = 20 + -20. Let z(j) = j**2 + 0 + 2 - 6*j + w. Give z(p).
-6
Let p(n) be the second derivative of 44*n**3/3 - n**2/2 + 2046*n - 1. Calculate p(1).
87
Let h(j) = j**2 - 7*j - 7. Let f(c) = 3*c**2 - 22*c + 13. Let q = -43 - -50. Let l be f(q). Determine h(l).
-13
Let n(v) = v**2 + v - 5. Let s be n(-3). Let j(b) be the first derivative of -7/4*b**4 - 13 + 1/2*b**2 + 1/3*b**3 - b. Calculate j(s).
-6
Let p(f) = -f + 9. Suppose -25 = 56*k - 585. What is p(k)?
-1
Let v(j) = 8*